e
Does 27 divide 64896748?
False
Is 43203825 a multiple of 21?
True
Is 265 a factor of 179028435?
True
Is 29141851 a multiple of 1541?
True
Does 71 divide 22165428?
False
Does 8 divide 31267?
False
Is 35207288 a multiple of 59?
False
Is 28 a factor of 495205004?
True
Does 44 divide 524234392?
True
Does 16 divide 755693975?
False
Is 44 a factor of 323437399?
False
Is 302 a factor of 686237016?
True
Is 2579662 a multiple of 225?
False
Does 74 divide 678316?
False
Does 526 divide 1692392?
False
Is 497569843 a multiple of 33?
False
Is 17392 a factor of 4464782346?
False
Does 58 divide 40977000?
True
Does 535 divide 44451879?
False
Does 93 divide 4701336?
True
Does 12 divide 28910904?
True
Is 436 a factor of 259068148?
True
Is 28824418 a multiple of 3?
False
Does 41 divide 8823733?
True
Is 2833 a factor of 101608378?
True
Does 18 divide 383936226?
False
Does 2256 divide 280718827?
False
Does 2202 divide 624712928?
False
Is 73395572 a multiple of 33?
False
Is 471209461 a multiple of 577?
False
Is 211964418 a multiple of 38?
True
Is 152 a factor of 55457200?
True
Does 53 divide 305716879?
True
Is 499 a factor of 83569240?
False
Is 783 a factor of 139171986?
True
Is 2591091162 a multiple of 19?
False
Is 306 a factor of 24700261?
False
Is 398630388 a multiple of 23?
True
Is 4 a factor of 24430233?
False
Is 199834418 a multiple of 14?
True
Is 11 a factor of 37575967?
True
Is 1788443865 a multiple of 5486?
False
Is 16 a factor of 19661072?
True
Does 4 divide 10865350?
False
Is 1047679298 a multiple of 108?
False
Does 1228 divide 47621689?
False
Is 6 a factor of 2512082299?
False
Is 573177969 a multiple of 327?
False
Does 14 divide 142218006?
True
Is 53801720 a multiple of 70?
True
Does 26 divide 64724138?
False
Is 82602369 a multiple of 37?
False
Is 244926944 a multiple of 16?
True
Is 15 a factor of 937362395?
False
Is 11 a factor of 31397830?
False
Is 486 a factor of 220206600?
True
Does 75 divide 2201123175?
True
Does 486 divide 53268005?
False
Is 159066162 a multiple of 3117?
False
Does 70 divide 1501574447?
False
Does 84 divide 94823197?
False
Does 53 divide 195208487?
True
Does 27 divide 30576096?
True
Does 29 divide 13260424?
True
Is 2 a factor of 314710228?
True
Is 925101293 a multiple of 16?
False
Is 120163866 a multiple of 547?
True
Is 3 a factor of 3912408?
True
Is 481949345 a multiple of 386?
False
Is 470407934 a multiple of 3815?
False
Is 594 a factor of 120170968?
False
Does 41 divide 845381780?
False
Is 410739044 a multiple of 4425?
False
Is 1370705 a multiple of 6?
False
Is 733976791 a multiple of 796?
False
Is 17 a factor of 16113841?
True
Is 362 a factor of 4503642?
True
Does 9 divide 554324603?
False
Does 11 divide 9808403?
True
Is 38 a factor of 116218326?
True
Does 7 divide 22127293?
False
Is 1479657760 a multiple of 3760?
True
Is 10 a factor of 367540230?
True
Is 780064534 a multiple of 3788?
False
Does 2228 divide 132958128?
True
Is 10287410 a multiple of 7?
True
Is 34 a factor of 38847291?
False
Is 308990193 a multiple of 4150?
False
Is 79321720 a multiple of 554?
True
Is 19044688 a multiple of 525?
False
Does 16 divide 4675040?
True
Is 49698288 a multiple of 12?
True
Is 114137886 a multiple of 105?
False
Is 3 a factor of 66429211?
False
Is 288 a factor of 77357376?
True
Is 1147 a factor of 51258734?
False
Is 3807 a factor of 1268975289?
False
Does 1039 divide 55576541?
False
Is 1288457156 a multiple of 10?
False
Is 287980146 a multiple of 738?
True
Does 822 divide 13845768?
True
Does 32 divide 465695584?
True
Does 700 divide 574744800?
True
Is 1750 a factor of 6401500?
True
Does 120 divide 72551889?
False
Does 8 divide 29346960?
True
Does 20 divide 12306120?
True
Is 38 a factor of 6292189?
False
Is 385381652 a multiple of 1978?
True
Is 456729636 a multiple of 11?
True
Is 16 a factor of 3371257568?
True
Does 500 divide 32584000?
True
Is 337 a factor of 128130433?
True
Is 2054727 a multiple of 27?
True
Is 39 a factor of 375764293?
False
Is 438230132 a multiple of 1532?
True
Is 25 a factor of 1558045286?
False
Does 221 divide 43508270?
True
Is 118789024 a multiple of 124?
True
Does 156 divide 126305712?
True
Does 5 divide 11437034?
False
Is 3706404 a multiple of 1290?
False
Is 31 a factor of 54940928?
True
Is 122 a factor of 17683332?
False
Is 934 a factor of 1099436111?
False
Is 17 a factor of 55961144?
True
Is 1574 a factor of 27104624?
False
Is 125 a factor of 837233250?
True
Does 1876 divide 232397004?
True
Is 1985998087 a multiple of 25?
False
Is 18 a factor of 159140113?
False
Does 836 divide 3851497726?
False
Is 4 a factor of 40949555?
False
Is 22858122 a multiple of 42?
True
Does 4 divide 16781416?
True
Is 82482972 a multiple of 2708?
True
Is 144 a factor of 190577873?
False
Is 17 a factor of 8531773?
True
Does 37 divide 38784251?
True
Is 594 a factor of 530915417?
False
Does 2534 divide 1076679050?
False
Does 183 divide 16398081?
True
Does 17 divide 1118319959?
True
Is 117 a factor of 756300285?
True
Is 234620450 a multiple of 50?
True
Does 613 divide 2636718558?
False
Does 685 divide 1530764020?
True
Is 4 a factor of 93514792?
True
Is 36134960 a multiple of 80?
True
Is 2829618 a multiple of 33?
True
Is 41814363 a multiple of 2349?
False
Is 1124186184 a multiple of 332?
False
Is 40 a factor of 9053374?
False
Is 602 a factor of 551296133?
False
Is 799 a factor of 5411173?
False
Is 23 a factor of 2843370975?
True
Does 5 divide 9348340?
True
Does 69 divide 3252926685?
True
Is 553688022 a multiple of 1344?
False
Does 340 divide 362073564?
False
Is 25656675 a multiple of 3405?
True
Is 2922 a factor of 149700814?
False
Is 63147752 a multiple of 74?
True
Does 3347 divide 2202951889?
True
Is 14108 a factor of 3140011848?
False
Is 475 a factor of 23736990?
False
Does 4261 divide 1000764026?
True
Is 61 a factor of 46211770?
True
Is 279320824 a multiple of 4?
True
Does 12 divide 270407328?
True
Is 288088591 a multiple of 592?
False
Is 567 a factor of 69294690?
False
Does 4875 divide 129121410?
False
Is 922 a factor of 317120279?
False
Is 173282528 a multiple of 944?
True
Does 8 divide 450956380?
False
Is 35228554 a multiple of 509?
False
Does 755 divide 54889255?
True
Is 183 a factor of 1013595276?
True
Is 37 a factor of 784140236?
False
Is 92998568 a multiple of 18?
False
Is 2 a factor of 11523824?
True
Is 59 a factor of 152971964?
False
Is 1422102598 a multiple of 98?
True
Is 86 a factor of 213038168?
True
Is 86 a factor of 999064838?
True
Does 466 divide 572158528?
True
Is 151479447 a multiple of 99?
False
Is 1258 a factor of 5745655?
False
Is 16 a factor of 7305920?
True
Does 19 divide 1856360630?
False
Is 31664108 a multiple of 14?
True
Is 709 a factor of 471485?
True
Is 99 a factor of 45473366?
False
Is 25192211 a multiple of 6?
False
Is 178936559 a multiple of 3001?
False
Is 15724362 a multiple of 19?
True
Does 42 divide 206155194?
True
Is 121094784 a multiple of 72?
True
Is 42145604 a multiple of 3068?
False
Is 8872970 a multiple of 62?
False
Is 282 a factor of 3339162?
True
Does 183 divide 1669575063?
True
Is 68 a factor of 11726260?
True
Is 2160771 a multiple of 16?
False
Is 14 a factor of 35632310?
True
Is 75671416 a multiple of 86?
False
Is 20593238 a multiple of 130?
False
Is 136532095 a multiple of 1505?
True
Is 4775 a factor of 528119775?
True
Is 3606 a factor of 17561220?
True
Is 1526615 a multiple of 939?
False
Is 53356156 a multiple of 2646?
False
Is 967 a factor of 18330769?
False
Is 210 a factor of 32115090?
True
Is 326 a factor of 133378336?
True
Does 11 divide 200082927?
True
Is 609489281 a multiple of 86?
False
Is 21 a factor of 646949965?
False
Is 72601893 a multiple of 6?
False
Does 122 divide 17415744?
True
Is 12 a factor of 443534858?
False
Is 20806473 a multiple of 2?
False
Is 4 a factor of 9295112?
True
Is 91817747 a multiple of 16?
False
Is 371 a factor of 13930308?
True
Is 180292360 a multiple of 1296?
False
Is 574884580 a multiple of 270?
False
Is 930 a factor of 114743751?
False
Is 3918 a factor of 304965972?
False
Does 8 divide 91960084?
False
Does 12 divide 363731762?
False
Is 948526227 a multiple of 99?
True
Does 11 divide 759484?
True
Is 7584 a factor of 106948310?
False
Is 81129288 a multiple of 23?
False
Is 22748160 a multiple of 320?
True
Does 126 divide 55647270?
True
Does 179 divide 391946